(7)?
-7
Let z(w) = w**3 + 4*w**2 - 8*w - 7. What is z(-5)?
8
Let k(p) = 3*p**2 - 19*p + 12. What is k(5)?
-8
Let f(b) = -b + 10. Give f(7).
3
Let g(m) = m**3 + 13*m**2 + 12*m - 8. What is g(-12)?
-8
Let t(g) = g**3 + 5*g**2 - g - 2. Determine t(-5).
3
Let u(k) = -143*k + 1713. Give u(12).
-3
Let a(d) = -d - 20. Calculate a(-13).
-7
Let j(l) = l**2 - 18*l + 7. Calculate j(9).
-74
Let f(o) = -2*o - 24. Determine f(-22).
20
Let d(s) = -2*s**3 + 2*s**2 + s - 1. Calculate d(2).
-7
Let y(c) = -5*c**2 + 12*c + 3. Give y(3).
-6
Let z(r) = -r**3 + 16*r**2 - 13*r - 25. Give z(15).
5
Let l(g) = 7*g - 22. Give l(3).
-1
Let d(l) = 8*l - 13. Determine d(2).
3
Let c(f) = 5*f + 55. Calculate c(-20).
-45
Let n(f) = 2*f**3 - 25*f**2 - 11*f - 19. Give n(13).
7
Let h(p) = 5*p**3 + p**2 - p - 2. Determine h(2).
40
Let j(t) = -t**2 + 5*t + 37. What is j(-4)?
1
Let m(k) = k**3 + 8*k**2 - 9*k - 70. Determine m(-8).
2
Let h(u) = 4*u - 4. Determine h(-4).
-20
Let c(b) = -b**3 - 16*b**2 - 3. What is c(-16)?
-3
Let i(o) = -o**3 - 3*o**2 + 5*o + 1. Calculate i(-5).
26
Let y(x) = x - 24. Give y(7).
-17
Let t(f) = f - 6. What is t(5)?
-1
Let i(r) = r**3 - 4*r**2 + 3*r + 8. What is i(3)?
8
Let o(n) = 6*n**3 + 2*n**2 + 3*n + 2. Calculate o(-2).
-44
Let j(n) = -20*n + 19. Determine j(0).
19
Let o(p) = p**3 - 5*p**2 - 5*p + 16. What is o(5)?
-9
Let a(w) = w**3 + w + 1. Determine a(-1).
-1
Let v(w) = 20*w + 26. What is v(-1)?
6
Let q(l) = 9*l**2 - 39*l - 2. Give q(4).
-14
Let u(b) = 48*b + 384. Determine u(-8).
0
Let h(s) = s**3 - 44*s**2 + s - 44. Determine h(44).
0
Let m(l) = -52*l + 589. Determine m(11).
17
Let p(s) = -s**2 + 4*s + 4. What is p(6)?
-8
Let k(b) = -9*b - 76. Calculate k(-7).
-13
Let s(v) = v**3 - 14*v**2 - 13*v + 2. Determine s(15).
32
Let c(t) = -11*t + 19. Determine c(2).
-3
Let n(g) = -g**2 - 13*g - 22. What is n(-7)?
20
Let i(m) = m**2 + 10*m + 13. What is i(-6)?
-11
Let p(a) = -a**3 - 8*a**2 + 13. Give p(-8).
13
Let k(v) = -v**3 - 7*v**2 + 7*v - 5. What is k(-8)?
3
Let m(a) = 9*a - 3. What is m(0)?
-3
Let t(w) = 3*w**2 + 4*w - 4. Determine t(-2).
0
Let z(u) = -u**3 - 15*u**2 - 36*u - 15. Determine z(-12).
-15
Let t(i) = -i**2 + 16*i + 189. Give t(24).
-3
Let s(n) = -n**2 - 4*n - 1. Determine s(4).
-33
Let b(p) = 4*p**3 - 3*p**2 + 3*p - 1. What is b(2)?
25
Let k(h) = 16*h + 61. Give k(-4).
-3
Let i(y) = -4*y - 31. Give i(-11).
13
Let s(c) = c**3 - c**2 - c. Determine s(-2).
-10
Let b(y) = 9*y**2 + 3*y + 3. What is b(-1)?
9
Let g(z) = -z**3 + 4*z**2 + 3*z + 3. What is g(4)?
15
Let w(g) = g**2 + 47*g - 442. What is w(-55)?
-2
Let u(b) = -b**2 + 5*b + 36. Give u(9).
0
Let y(i) = i**3 - 8*i**2 + 10*i + 7. What is y(5)?
-18
Let s(o) = o**2 - o - 4. What is s(6)?
26
Let w(l) = 16*l - 5. Determine w(1).
11
Let t(r) = 10*r + 62. Determine t(-6).
2
Let t(a) = a**2 + 3*a - 9. Calculate t(4).
19
Let d(f) = -18*f**3 - 1. Give d(-1).
17
Let q(w) = w. What is q(6)?
6
Let z(x) = -x**3 - 72*x**2 + 72*x - 73. What is z(-73)?
0
Let u(q) = -q**3 - 6*q**2 - 3*q + 2. Calculate u(-5).
-8
Let b(g) = 2*g**2 + 72*g - 65. Calculate b(-37).
9
Let g(d) = -d**3 + 8*d**2 - 7*d + 51. Calculate g(8).
-5
Let l(w) = -w**2 - 7*w - 2. Give l(-7).
-2
Let r(v) = 3*v**2 + v - 1. Calculate r(-3).
23
Let a(m) = 32*m + 115. Determine a(-4).
-13
Let f(k) = -11*k - 6. What is f(3)?
-39
Let w(r) = -r**2 - 2*r + 23. Determine w(-6).
-1
Let p(r) = -3*r**3 - 5*r**2 + 6*r - 3. What is p(1)?
-5
Let q(b) = -b**3 + 18*b**2 + 20*b - 22. Determine q(19).
-3
Let n(m) = -3*m**2 - 76*m - 28. Determine n(-25).
-3
Let t(p) = -p**3 - 6*p**2 - 3*p + 2. What is t(-3)?
-16
Let p(d) = -2*d + 60. Determine p(29).
2
Let z(m) = m - 10. Determine z(-7).
-17
Let o(w) = -w**2 - 15*w - 31. Calculate o(-11).
13
Let q(a) = -a**3 + 9*a**2 - 14*a + 8. What is q(6)?
32
Let i(a) = -2*a**2 + 9*a + 7. Give i(5).
2
Let u(n) = -3*n**3 - 25*n**2 + 68. What is u(-8)?
4
Let q(v) = -v**2 + 10*v - 8. Calculate q(6).
16
Let f(c) = c**2 - 11*c - 21. What is f(11)?
-21
Let r(z) = z - 19. Calculate r(11).
-8
Let a(g) = -g**2 - 3*g - 1. Determine a(-8).
-41
Let f(x) = -5*x**2 - 7*x - 6. Calculate f(-3).
-30
Let r(g) = -2*g**2 + 26*g - 2. What is r(13)?
-2
Let s(z) = -2*z**3 - z**2 - 6. Calculate s(-3).
39
Let u(z) = -z**2 + 9*z + 7. Calculate u(10).
-3
Let m(r) = r**3 + 10*r**2 + 24*r + 11. Determine m(-7).
-10
Let c(r) = 2*r**3 + 3*r**2 + 5*r + 7. What is c(-2)?
-7
Let p(i) = -3*i + 78. What is p(18)?
24
Let n(q) = -q**2 - q - 11. Calculate n(-6).
-41
Let b(t) = -25*t + 96. What is b(8)?
-104
Let a(p) = p**3 + 14*p**2 + 16*p + 36. What is a(-13)?
-3
Let u(a) = 3*a**3 + 2*a**2 - 3*a - 4. What is u(-2)?
-14
Let c(r) = -r + 19. Give c(10).
9
Let k(h) = h**2 + 11*h + 13. Determine k(-7).
-15
Let i(j) = 5*j + 41. Give i(-9).
-4
Let p(c) = c**3 + 6*c**2 + 5*c + 10. What is p(-6)?
-20
Let b(w) = 10*w + 8. Give b(0).
8
Let q(g) = -g**2 - 21*g - 11. Give q(-19).
27
Let g(j) = 2*j**3 + j**2 + j - 55. What is g(0)?
-55
Let w(s) = 2*s**2 + 23*s + 26. Calculate w(-11).
15
Let w(s) = -s**3 - s - 6. Give w(0).
-6
Let i(z) = z**3 + z**2 - 9*z - 4. Calculate i(-3).
5
Let x(v) = v**2 - 10*v - 3. What is x(10)?
-3
Let b(x) = -10*x + 3. Determine b(2).
-17
Let j(y) = y**2 + 36*y + 299. Calculate j(-23).
0
Let y(h) = -h**2 - 3*h - 1. Give y(-7).
-29
Let z(b) = 2*b**3 - 23*b**2 + 10*b + 1. Give z(11).
-10
Let j(k) = 32*k - 1. Calculate j(3).
95
Let a(g) = 13*g**3 - 5*g - 4. Give a(-1).
-12
Let b(h) = 30*h - 3. Determine b(2).
57
Let j(o) = 2*o**3 - 10*o**2 - 4. Give j(5).
-4
Let g(u) = -u**2 + 4*u - 6. What is g(5)?
-11
Let y(z) = 5*z**3 - z**2 + 2. Determine y(2).
38
Let s(f) = -3*f**3 + 16*f**2 - 10*f + 5. Calculate s(5).
-20
Let d(s) = -3*s - 50. Determine d(-15).
-5
Let f(v) = 4*v**3 + 22*v**2 + 10*v - 5. Calculate f(-5).
-5
Let d(m) = -m - 4. What is d(4)?
-8
Let c(k) = k**3 - 6*k**2 - 6*k - 24. Calculate c(7).
-17
Let l(v) = 2*v**3 - 4*v**2 - 15*v. Calculate l(4).
4
Let u(d) = -d - 1. What is u(5)?
-6
Let z(a) = -11*a**2 - 2*a - 6. What is z(-3)?
-99
Let g(i) = -i**3 - 8*i**2 + 8*i - 6. Give g(-9).
3
Let t(k) = k + 6. Determine t(-9).
-3
Let u(c) = c**2 - c + 12. What is u(0)?
12
Let s(z) = 2*z**2 - 36*z + 96. Give s(15).
6
Let t(p) = p**2 - 14*p - 18. Give t(13).
-31
Let o(q) = -6*q - 1. Determine o(-7).
41
Let a(v) = v**3 + 11*v**2 + 2*v + 14. What is a(-11)?
-8
Let c(w) = -6*w - 8. Determine c(-5).
22
Let s(m) = -m**2 - 18*m. What is s(-13)?
65
Let y(g) = 6*g - 27. Give y(4).
-3
Let r(x) = -12*x + 4. Give r(2).
-20
Let s(b) = b**3 + 7*b**2 - 7*b - 11. Determine s(-6).
67
Let m(s) = -s**3 + 3*s**2 + 29*s - 4. What is m(-4)?
-8
Let x(v) = -v**3 - 5*v**2 - 2*v - 8. Give x(-5).
2
Let s(d) = -2*d**2 + 7*d - 4. Determine s(5).
-19
Let y(n) = n**3 - 6*n**2 + 7. Determine y(7).
56
Let m(r) = -4*r - 59. What is m(-16)?
5
Let p(o) = o**3 + 4*o**2 - 5*o - 14. What is p(-4)?
6
Let l(t) = 3*t - 5. Give l(5).
10
Let c(o) = o + 2. Calculate c(-10).
-8
Let r(n) = -n**3 + n**2 - n + 2. Calculate r(2).
-4
Let t(s) = -s + 19. Determine t(9).
10
Let t(w) = -83*w**3 - 2*w**2 - 3*w - 1. Determine t(-1).
83
Let x(f) = f**3 + 11*f**2 - 2*f - 25. Determine x(-11).
-3
Let f(n) = n**3 - 9*n**2 + n - 1. Calculate f(9).
8
Let k(j) = -j**3 - 2. What is k(-2)?
6
Let j(n) = -n + 27. Calculate j(16).
11
Let i(u) = -u - 125. What is i(0)?
-125
Let l(m) = -6*m**2 + 4*m + 1. What is l(-2)?
-31
Let u(q) = -q + 6. Give u(-12).
18
Let x(s) = -3*s**3 - s - 1. What is x(-1)?
3
Let d(k) = k**2 + 35*k + 125. Give d(-31).
1
Let x(u) = 7*u + 154. What is x(-23)?
-7
Let n(y) = -27*y - 159. Determine n(-6).
3
Let l(o) = 23*o**2 - 2*o + 2. Calculate l(1).
23
Let t(i) = i**3 - 7*i**2 + 8*i - 7. Determine t(6).
5
Let c(w) = w - 8. Give c(9).
1
Let n(y) = 9*y - 125. Determine n(14).
1
Let i(j) = -j**3 - 3*j**2 - 18*j - 16. Give i(-1).
0
Let b(z) = -z + 39. Determine b(4).
35
Let w(o) = -o**2 + 4*o. Calculate w(6).
-12
Let x(y) = -y**2 + 10*y - 10. Give x(4).
14
Let d(l) = l - 9. Determine d(4).
-5
Let u(q) = -q**2 + 5*q + 5. Calculate u(5).
5
Let f(o) = -o**3 + 10*o**2 - 18*o - 19. Give f(7).
2
Let j(o) = -o**3 + 10*o**2 - 5*o + 5. What is j(10)?
-45
Let j(b) = -5*b + 10. What is j(5)?
-15
Let t(l) = 2*l**3 + l**2. Give t(-2).
-12
Let v(t) = -2*t**3 + 2*t**2 - 2. What is v(2)?
-10
Let p(t) = 6*t + 30. W